{"id":923,"date":"2017-05-10T23:15:52","date_gmt":"2017-05-10T23:15:52","guid":{"rendered":"https:\/\/fogas.com.br\/?page_id=923"},"modified":"2025-07-18T13:07:18","modified_gmt":"2025-07-18T13:07:18","slug":"servicos-tecnicos","status":"publish","type":"page","link":"https:\/\/fogas.com.br\/?page_id=923","title":{"rendered":"para Empresas &#8211; Servi\u00e7os T\u00e9cnicos"},"content":{"rendered":"\t\t<div data-elementor-type=\"wp-page\" data-elementor-id=\"923\" class=\"elementor elementor-923\" data-elementor-settings=\"[]\">\n\t\t\t\t\t\t<div class=\"elementor-inner\">\n\t\t\t\t\t\t\t<div class=\"elementor-section-wrap\">\n\t\t\t\t\t\t\t<section class=\"elementor-section elementor-top-section elementor-element elementor-element-dyqtwpn elementor-section-boxed elementor-section-height-default elementor-section-height-default\" data-id=\"dyqtwpn\" data-element_type=\"section\">\n\t\t\t\t\t\t<div class=\"elementor-container elementor-column-gap-default\">\n\t\t\t\t\t\t\t<div class=\"elementor-row\">\n\t\t\t\t\t<div class=\"elementor-column elementor-col-100 elementor-top-column elementor-element elementor-element-mqjqyyi\" data-id=\"mqjqyyi\" data-element_type=\"column\">\n\t\t\t<div class=\"elementor-column-wrap elementor-element-populated\">\n\t\t\t\t\t\t\t<div class=\"elementor-widget-wrap\">\n\t\t\t\t\t\t<div class=\"elementor-element elementor-element-tpnbtdg elementor-widget elementor-widget-heading\" data-id=\"tpnbtdg\" data-element_type=\"widget\" data-widget_type=\"heading.default\">\n\t\t\t\t<div class=\"elementor-widget-container\">\n\t\t\t<span class=\"elementor-heading-title elementor-size-default\">Para Empresas ><\/span>\t\t<\/div>\n\t\t\t\t<\/div>\n\t\t\t\t<div class=\"elementor-element elementor-element-shzgekf elementor-widget elementor-widget-heading\" data-id=\"shzgekf\" data-element_type=\"widget\" data-widget_type=\"heading.default\">\n\t\t\t\t<div class=\"elementor-widget-container\">\n\t\t\t<h1 class=\"elementor-heading-title elementor-size-default\">Servi\u00e7os T\u00e9cnicos<\/h1>\t\t<\/div>\n\t\t\t\t<\/div>\n\t\t\t\t\t\t<\/div>\n\t\t\t\t\t<\/div>\n\t\t<\/div>\n\t\t\t\t\t\t\t\t<\/div>\n\t\t\t\t\t<\/div>\n\t\t<\/section>\n\t\t\t\t<section class=\"elementor-section elementor-top-section elementor-element elementor-element-xyjmkr0 elementor-section-boxed elementor-section-height-default elementor-section-height-default\" data-id=\"xyjmkr0\" data-element_type=\"section\">\n\t\t\t\t\t\t<div class=\"elementor-container elementor-column-gap-default\">\n\t\t\t\t\t\t\t<div class=\"elementor-row\">\n\t\t\t\t\t<div class=\"elementor-column elementor-col-50 elementor-top-column elementor-element elementor-element-jupyemk\" data-id=\"jupyemk\" data-element_type=\"column\">\n\t\t\t<div class=\"elementor-column-wrap elementor-element-populated\">\n\t\t\t\t\t\t\t<div class=\"elementor-widget-wrap\">\n\t\t\t\t\t\t<div class=\"elementor-element elementor-element-sgv6p8l elementor-widget elementor-widget-heading\" data-id=\"sgv6p8l\" data-element_type=\"widget\" data-widget_type=\"heading.default\">\n\t\t\t\t<div class=\"elementor-widget-container\">\n\t\t\t<h2 class=\"elementor-heading-title elementor-size-default\">Instala\u00e7\u00e3o de GLP Industrial e Comercial<\/h2>\t\t<\/div>\n\t\t\t\t<\/div>\n\t\t\t\t<div class=\"elementor-element elementor-element-fmxc77n elementor-aspect-ratio-169 elementor-widget elementor-widget-video\" data-id=\"fmxc77n\" data-element_type=\"widget\" data-settings=\"{&quot;youtube_url&quot;:&quot;https:\\\/\\\/www.youtube.com\\\/watch?v=0pfsfsc5nHw&quot;,&quot;video_type&quot;:&quot;youtube&quot;,&quot;controls&quot;:&quot;yes&quot;,&quot;aspect_ratio&quot;:&quot;169&quot;}\" data-widget_type=\"video.default\">\n\t\t\t\t<div class=\"elementor-widget-container\">\n\t\t\t\t\t<div class=\"elementor-wrapper elementor-fit-aspect-ratio elementor-open-inline\">\n\t\t\t<div class=\"elementor-video\"><\/div>\t\t<\/div>\n\t\t\t\t<\/div>\n\t\t\t\t<\/div>\n\t\t\t\t<div class=\"elementor-element elementor-element-gf213dr elementor-widget elementor-widget-heading\" data-id=\"gf213dr\" data-element_type=\"widget\" data-widget_type=\"heading.default\">\n\t\t\t\t<div class=\"elementor-widget-container\">\n\t\t\t<h5 class=\"elementor-heading-title elementor-size-default\">Valor: de acordo com o projeto<\/h5>\t\t<\/div>\n\t\t\t\t<\/div>\n\t\t\t\t<div class=\"elementor-element elementor-element-jex5j7i elementor-align-center elementor-widget elementor-widget-button\" data-id=\"jex5j7i\" data-element_type=\"widget\" data-widget_type=\"button.default\">\n\t\t\t\t<div class=\"elementor-widget-container\">\n\t\t\t\t\t<div class=\"elementor-button-wrapper\">\n\t\t\t<a href=\"https:\/\/api.whatsapp.com\/send?phone=558007099292&#038;&#038;text=Ol%C3%A1%20Fog%C3%A1s%20\" class=\"elementor-button-link elementor-button elementor-size-sm\" role=\"button\">\n\t\t\t\t\t\t<span class=\"elementor-button-content-wrapper\">\n\t\t\t\t\t\t<span class=\"elementor-button-text\">Solicite um or\u00e7amento<\/span>\n\t\t<\/span>\n\t\t\t\t\t<\/a>\n\t\t<\/div>\n\t\t\t\t<\/div>\n\t\t\t\t<\/div>\n\t\t\t\t\t\t<\/div>\n\t\t\t\t\t<\/div>\n\t\t<\/div>\n\t\t\t\t<div class=\"elementor-column elementor-col-50 elementor-top-column elementor-element elementor-element-shssqup\" data-id=\"shssqup\" data-element_type=\"column\">\n\t\t\t<div class=\"elementor-column-wrap elementor-element-populated\">\n\t\t\t\t\t\t\t<div class=\"elementor-widget-wrap\">\n\t\t\t\t\t\t<div class=\"elementor-element elementor-element-9ug09kf elementor-widget elementor-widget-text-editor\" data-id=\"9ug09kf\" data-element_type=\"widget\" data-widget_type=\"text-editor.default\">\n\t\t\t\t<div class=\"elementor-widget-container\">\n\t\t\t\t\t\t\t\t<div class=\"elementor-text-editor elementor-clearfix\">\n\t\t\t\t<p><span style=\"color: #000000;\">O abastecimento de GLP \u00e9 realizado por meio de caminh\u00f5es-tanque e profissionais capacitados. O cliente escolhe a data e a quantidade a ser abastecida, conforme sua necessidade. Os tanques Fog\u00e1s Granel s\u00e3o instalados de acordo com a \u00e1rea dispon\u00edvel no local, seguindo crit\u00e9rios t\u00e9cnicos, distanciamentos exigidos e toda a legisla\u00e7\u00e3o vigente.<\/span><\/p>\t\t\t\t\t<\/div>\n\t\t\t\t\t\t<\/div>\n\t\t\t\t<\/div>\n\t\t\t\t<div class=\"elementor-element elementor-element-43rpl4h elementor-widget elementor-widget-heading\" data-id=\"43rpl4h\" data-element_type=\"widget\" data-widget_type=\"heading.default\">\n\t\t\t\t<div class=\"elementor-widget-container\">\n\t\t\t<h6 class=\"elementor-heading-title elementor-size-default\">Vantagens<\/h6>\t\t<\/div>\n\t\t\t\t<\/div>\n\t\t\t\t<div class=\"elementor-element elementor-element-mantjci elementor-widget elementor-widget-text-editor\" data-id=\"mantjci\" data-element_type=\"widget\" data-widget_type=\"text-editor.default\">\n\t\t\t\t<div class=\"elementor-widget-container\">\n\t\t\t\t\t\t\t\t<div class=\"elementor-text-editor elementor-clearfix\">\n\t\t\t\t<ul><li><p><span style=\"color: #000000;\">Projetos e instala\u00e7\u00f5es feitas pela Fog\u00e1s;<\/span><\/p><\/li><li><p><span style=\"color: #000000;\">Linha de tanques que vai desde 125kg at\u00e9 20.000kg;<\/span><\/p><\/li><li><p><span style=\"color: #000000;\">Controle de abastecimento pela Fog\u00e1s;<\/span><\/p><\/li><li><p><span style=\"color: #000000;\">Medidor para saber exatamente a quantidade de g\u00e1s que est\u00e1 sendo abastecida;<\/span><\/p><\/li><li><p><span style=\"color: #000000;\">Programa de Fidelidade com acumula\u00e7\u00e3o de pontos com troca por v\u00e1rios produtos;<\/span><\/p><\/li><li><p><span style=\"color: #000000;\">App com acesso exclusivo a boletos, hist\u00f3rico de compras e muito mais;<\/span><\/p><\/li><li><p><span style=\"color: #000000;\">A Fog\u00e1s realiza suas atividades em conformidade com as normas de seguran\u00e7a (NBR 13523, NBR 13932, NBR 15526, NBR 15358, NR13, NR20 e Portaria 47\/99 ANP).<\/span><\/p><\/li><\/ul>\t\t\t\t\t<\/div>\n\t\t\t\t\t\t<\/div>\n\t\t\t\t<\/div>\n\t\t\t\t\t\t<\/div>\n\t\t\t\t\t<\/div>\n\t\t<\/div>\n\t\t\t\t\t\t\t\t<\/div>\n\t\t\t\t\t<\/div>\n\t\t<\/section>\n\t\t\t\t<section class=\"elementor-section elementor-top-section elementor-element elementor-element-r1wmwsa elementor-section-boxed elementor-section-height-default elementor-section-height-default\" data-id=\"r1wmwsa\" data-element_type=\"section\">\n\t\t\t\t\t\t<div class=\"elementor-container elementor-column-gap-default\">\n\t\t\t\t\t\t\t<div class=\"elementor-row\">\n\t\t\t\t\t<div class=\"elementor-column elementor-col-50 elementor-top-column elementor-element elementor-element-8f1si6d\" data-id=\"8f1si6d\" data-element_type=\"column\">\n\t\t\t<div class=\"elementor-column-wrap elementor-element-populated\">\n\t\t\t\t\t\t\t<div class=\"elementor-widget-wrap\">\n\t\t\t\t\t\t<div class=\"elementor-element elementor-element-2s0dnuk elementor-widget elementor-widget-heading\" data-id=\"2s0dnuk\" data-element_type=\"widget\" data-widget_type=\"heading.default\">\n\t\t\t\t<div class=\"elementor-widget-container\">\n\t\t\t<h2 class=\"elementor-heading-title elementor-size-default\">Inspe\u00e7\u00f5es e ensaios nas instala\u00e7\u00f5es de GLP Industriais<\/h2>\t\t<\/div>\n\t\t\t\t<\/div>\n\t\t\t\t<div class=\"elementor-element elementor-element-x82yil2 elementor-aspect-ratio-169 elementor-widget elementor-widget-video\" data-id=\"x82yil2\" data-element_type=\"widget\" data-settings=\"{&quot;youtube_url&quot;:&quot;https:\\\/\\\/www.youtube.com\\\/watch?v=vLqUhMuDKxU&quot;,&quot;video_type&quot;:&quot;youtube&quot;,&quot;controls&quot;:&quot;yes&quot;,&quot;aspect_ratio&quot;:&quot;169&quot;}\" data-widget_type=\"video.default\">\n\t\t\t\t<div class=\"elementor-widget-container\">\n\t\t\t\t\t<div class=\"elementor-wrapper elementor-fit-aspect-ratio elementor-open-inline\">\n\t\t\t<div class=\"elementor-video\"><\/div>\t\t<\/div>\n\t\t\t\t<\/div>\n\t\t\t\t<\/div>\n\t\t\t\t<div class=\"elementor-element elementor-element-742mrg4 elementor-widget elementor-widget-heading\" data-id=\"742mrg4\" data-element_type=\"widget\" data-widget_type=\"heading.default\">\n\t\t\t\t<div class=\"elementor-widget-container\">\n\t\t\t<h5 class=\"elementor-heading-title elementor-size-default\">Valor: de acordo com o projeto<\/h5>\t\t<\/div>\n\t\t\t\t<\/div>\n\t\t\t\t<div class=\"elementor-element elementor-element-4nv1d93 elementor-align-center elementor-widget elementor-widget-button\" data-id=\"4nv1d93\" data-element_type=\"widget\" data-widget_type=\"button.default\">\n\t\t\t\t<div class=\"elementor-widget-container\">\n\t\t\t\t\t<div class=\"elementor-button-wrapper\">\n\t\t\t<a href=\"https:\/\/api.whatsapp.com\/send?phone=558007099292&#038;&#038;text=Ol%C3%A1%20Fog%C3%A1s%20\" class=\"elementor-button-link elementor-button elementor-size-sm\" role=\"button\">\n\t\t\t\t\t\t<span class=\"elementor-button-content-wrapper\">\n\t\t\t\t\t\t<span class=\"elementor-button-text\">Solicite um or\u00e7amento<\/span>\n\t\t<\/span>\n\t\t\t\t\t<\/a>\n\t\t<\/div>\n\t\t\t\t<\/div>\n\t\t\t\t<\/div>\n\t\t\t\t\t\t<\/div>\n\t\t\t\t\t<\/div>\n\t\t<\/div>\n\t\t\t\t<div class=\"elementor-column elementor-col-50 elementor-top-column elementor-element elementor-element-q337525\" data-id=\"q337525\" data-element_type=\"column\">\n\t\t\t<div class=\"elementor-column-wrap elementor-element-populated\">\n\t\t\t\t\t\t\t<div class=\"elementor-widget-wrap\">\n\t\t\t\t\t\t<div class=\"elementor-element elementor-element-9kjn4l8 elementor-widget elementor-widget-text-editor\" data-id=\"9kjn4l8\" data-element_type=\"widget\" data-widget_type=\"text-editor.default\">\n\t\t\t\t<div class=\"elementor-widget-container\">\n\t\t\t\t\t\t\t\t<div class=\"elementor-text-editor elementor-clearfix\">\n\t\t\t\t<p><span style=\"color: #000000;\">As instala\u00e7\u00f5es de GLP s\u00e3o seguras e oferecem conforto ao consumidor, por\u00e9m sofrem desgastes pela a\u00e7\u00e3o do tempo de agentes externos. Por esse motivo, existe a necessidade da realiza\u00e7\u00e3o de auditorias t\u00e9cnicas e normativas.<\/span><\/p><p><span style=\"color: #000000;\">\u00a0<\/span><\/p><p><span style=\"color: #000000;\"><strong>O servi\u00e7o de auditoria de seguran\u00e7a consiste em:\u00a0<\/strong><\/span><\/p><p><span style=\"color: #000000;\"><b><br \/><\/b><\/span><span style=\"color: #000000;\">Inspe\u00e7\u00e3o Visual na Central e Tubula\u00e7\u00e3o de GLP a fim de garantir a instala\u00e7\u00e3o em conformidade com os requisitos legais pertinentes, pontos de corros\u00e3o e tens\u00e3o na tubula\u00e7\u00e3o; Ensaios com detector de GLP eletr\u00f4nico; Ensaio de estanqueidade com bar\u00f3grafo.<\/span><\/p>\t\t\t\t\t<\/div>\n\t\t\t\t\t\t<\/div>\n\t\t\t\t<\/div>\n\t\t\t\t<div class=\"elementor-element elementor-element-yzt3b67 elementor-widget elementor-widget-heading\" data-id=\"yzt3b67\" data-element_type=\"widget\" data-widget_type=\"heading.default\">\n\t\t\t\t<div class=\"elementor-widget-container\">\n\t\t\t<h6 class=\"elementor-heading-title elementor-size-default\">Vantagens<\/h6>\t\t<\/div>\n\t\t\t\t<\/div>\n\t\t\t\t<div class=\"elementor-element elementor-element-w80nobo elementor-widget elementor-widget-text-editor\" data-id=\"w80nobo\" data-element_type=\"widget\" data-widget_type=\"text-editor.default\">\n\t\t\t\t<div class=\"elementor-widget-container\">\n\t\t\t\t\t\t\t\t<div class=\"elementor-text-editor elementor-clearfix\">\n\t\t\t\t<ul><li><span style=\"color: #000000;\">Atendimento a requisitos legais;<\/span><\/li><li><span style=\"color: #000000;\">Emiss\u00e3o de Relat\u00f3rio de Inspe\u00e7\u00e3o e Anota\u00e7\u00e3o de Responsabilidade T\u00e9cnica (ART);<\/span><\/li><li><span style=\"color: #000000;\">Comprova\u00e7\u00e3o da estanqueidade do sistema de GLP;<\/span><\/li><li><span style=\"color: #000000;\">Preven\u00e7\u00e3o de vazamento de GLP;<\/span><\/li><li><span style=\"color: #000000;\">Ferramenta de comprova\u00e7\u00e3o de conformidade em auditorias\u00a0aderindo \u00e0s normas ISO 9001 para gest\u00e3o da qualidade, ISO 14001 focada em meio ambiente, e ISO 45001, dedicada \u00e0 sa\u00fade e seguran\u00e7a ocupacional.\u00a0<\/span><\/li><li><span style=\"color: #000000;\">Aplica\u00e7\u00f5es industriais \u00e0 NBR 15358 que recomenda a vistoria a cada 3 anos;<\/span><\/li><li><span style=\"color: #000000;\">Aplica\u00e7\u00f5es residenciais e comerciais \u00e0 NBR 15526 que recomenda a vistoria a cada 5 anos.<\/span><\/li><\/ul>\t\t\t\t\t<\/div>\n\t\t\t\t\t\t<\/div>\n\t\t\t\t<\/div>\n\t\t\t\t\t\t<\/div>\n\t\t\t\t\t<\/div>\n\t\t<\/div>\n\t\t\t\t\t\t\t\t<\/div>\n\t\t\t\t\t<\/div>\n\t\t<\/section>\n\t\t\t\t\t\t<\/div>\n\t\t\t\t\t\t<\/div>\n\t\t\t\t\t<\/div>\n\t\t","protected":false},"excerpt":{"rendered":"<p>Para Empresas > Servi\u00e7os T\u00e9cnicos Instala\u00e7\u00e3o de GLP Industrial e Comercial Valor: de acordo com o projeto Solicite um or\u00e7amento O abastecimento de GLP \u00e9 realizado por meio de caminh\u00f5es-tanque e profissionais capacitados. O cliente escolhe a data e a quantidade a ser abastecida, conforme sua necessidade. Os tanques Fog\u00e1s Granel s\u00e3o instalados de acordo &hellip; <a href=\"https:\/\/fogas.com.br\/?page_id=923\">Continued<\/a><\/p>\n","protected":false},"author":1,"featured_media":0,"parent":854,"menu_order":0,"comment_status":"closed","ping_status":"closed","template":"","meta":{"footnotes":""},"class_list":["post-923","page","type-page","status-publish","hentry"],"_links":{"self":[{"href":"https:\/\/fogas.com.br\/index.php?rest_route=\/wp\/v2\/pages\/923","targetHints":{"allow":["GET"]}}],"collection":[{"href":"https:\/\/fogas.com.br\/index.php?rest_route=\/wp\/v2\/pages"}],"about":[{"href":"https:\/\/fogas.com.br\/index.php?rest_route=\/wp\/v2\/types\/page"}],"author":[{"embeddable":true,"href":"https:\/\/fogas.com.br\/index.php?rest_route=\/wp\/v2\/users\/1"}],"replies":[{"embeddable":true,"href":"https:\/\/fogas.com.br\/index.php?rest_route=%2Fwp%2Fv2%2Fcomments&post=923"}],"version-history":[{"count":27,"href":"https:\/\/fogas.com.br\/index.php?rest_route=\/wp\/v2\/pages\/923\/revisions"}],"predecessor-version":[{"id":4828,"href":"https:\/\/fogas.com.br\/index.php?rest_route=\/wp\/v2\/pages\/923\/revisions\/4828"}],"up":[{"embeddable":true,"href":"https:\/\/fogas.com.br\/index.php?rest_route=\/wp\/v2\/pages\/854"}],"wp:attachment":[{"href":"https:\/\/fogas.com.br\/index.php?rest_route=%2Fwp%2Fv2%2Fmedia&parent=923"}],"curies":[{"name":"wp","href":"https:\/\/api.w.org\/{rel}","templated":true}]}}